5
Let h be (1 + 2 - 1) + -2. Let n(r) be the first derivative of 1/2*r**2 + 0*r - 2. Give n(h).
0
Let i(v) be the third derivative of v**4/4 - v**3/6 - 11*v**2. Calculate i(-1).
-7
Let h(z) be the second derivative of -z**3/6 - 9*z**2/2 - 2*z + 14. What is h(-8)?
-1
Let t(c) = -2*c**3 + 17*c**2 - 11. Let z(v) = -v**3 + 9*v**2 - 6. Let d(w) = -6*t(w) + 11*z(w). Suppose -3*f = -0*f - 9. What is d(f)?
0
Let t(f) = -f + 2. Let m(x) = 2*x - 3. Let s(p) = -6*m(p) - 11*t(p). Calculate s(3).
-7
Let k(c) = -2*c. Let m be 2*(-3)/(-24) - 3/(-4). Calculate k(m).
-2
Let z(i) = 1 + 8*i**2 - 5*i**2 - 6*i**2. Give z(-2).
-11
Let b be (10/6)/((-3)/9). Let f = b - -1. Let t(q) = 2*q + 1 - 3*q + 2*q. Give t(f).
-3
Let n(r) = -r**3. Let o(i) = -4*i**3 - i**2 - i - 1. Let t(a) = -3*n(a) + o(a). Let c(y) = 9*y**3 + 5*y**2 + 5*y + 4. Let v(f) = c(f) + 3*t(f). What is v(-1)?
-5
Let f be 0 + 11 - (5 + -3). Suppose 5*h - 5*b - 25 = -0*h, f = 5*h + 3*b. Let z(y) = 4*y - h*y + 2 + 1. What is z(-4)?
-1
Let n(t) = 2*t**3 - 5*t**2 + t + 2. Let b be (5/10 + -2)*-2. Determine n(b).
14
Let t(r) = 10*r**3 + 7*r**2 + 8*r + 7. Let h(v) = v**3 + v**2 + v + 1. Let j be 1/(-2)*(-10 + 8). Let q(s) = j*t(s) - 6*h(s). What is q(-1)?
-4
Suppose -3*d = 6, -4*d - d = -2*n + 6. Let k(h) = -2*h**3 - 6*h - 13. Let r = 5 - 9. Let q(v) = v**3 + 3*v + 7. Let p(t) = r*k(t) - 7*q(t). Determine p(n).
-11
Suppose 5*z + 25 = -0*u + 4*u, z - 9 = -2*u. Suppose 2*w = -2*a - 0*a - 10, -4*a - 20 = -u*w. Suppose -j + 4*j = w. Let x(c) = c**2. What is x(j)?
0
Let r(w) = -w**3 - 16*w**2 - 13*w + 33. Let v be r(-15). Let c(l) = -2*l + l + 4 - 1. Give c(v).
0
Let i be (-8)/28 - (-40)/(-7). Let o = i - -4. Let t(h) = -4*h - 1. Determine t(o).
7
Let c be -2 - 4/(-4 + 0). Let x(l) = 4*l - 1. What is x(c)?
-5
Let s(h) be the first derivative of -h**3/3 + 5*h**2/2 - 2. What is s(4)?
4
Suppose 3 = -2*f - 3. Let h(r) = r**2 + 2*r - 3. Give h(f).
0
Let j(c) = -3*c + 2. Let m(n) = n**2 - n - 54. Let h be m(-7). Give j(h).
-4
Let k be (-156)/(-27) + 2/9. Let u(o) = -7 - 2*o - k*o - o + 6. Give u(-1).
8
Let v(f) be the second derivative of f**4/24 - 4*f**3/3 + 3*f**2/2 + f. Let u(x) be the first derivative of v(x). What is u(4)?
-4
Suppose -8*h + a = -3*h - 41, -3*a = 5*h - 37. Let l(g) = 3*g**2 + 2*g**2 + g**3 + h*g**3 - 4*g**2. Calculate l(1).
10
Let o be (-1 - (-3 - 1)) + -3. Let l(c) = c**3 + c**2 + c + 1. Let k be l(o). Let r(d) = 4*d - 1. Give r(k).
3
Let n(h) = -h**3 + 7*h**2 - h + 8. Let b be n(7). Let k(i) = 1 + i - b. Let p = 2 - 0. Calculate k(p).
2
Let b(l) be the first derivative of -l**4/4 - 10*l**3/3 - l**2/2 - 4*l + 4. Calculate b(-10).
6
Let w(h) = 8*h + 3. Let d = -18 - -13. Let q(x) = -12*x - 4. Let n(c) = d*q(c) - 8*w(c). Determine n(-4).
12
Let g(a) = -3*a - 6. Suppose -4*v = d + 8, -9 = d - 0*d + 5*v. What is g(d)?
6
Let u be (3/(-2))/(6/(-12)). Suppose -2*k - u*k = -30. Let h(l) = -l - 2. Determine h(k).
-8
Let i(h) = 3*h**3 - 21*h**2 + 2*h - 10. Let a be i(7). Let j(y) = y**3 - 3*y**2 - 4*y + 2. Determine j(a).
2
Suppose o + 2*o - 21 = 0. Suppose -2*l - 4*u = -6*l, 5*u = -4*l - 18. Let d = o + l. Let b(y) = y**2 - 6*y + 7. What is b(d)?
2
Let t(s) = -2*s**2 - 5*s + 4. Let o(c) = 2*c**2 + c - 1. Let h be o(2). Let g = -3 + 7. Let p(v) = v**2 + 2*v - 2. Let j(w) = g*t(w) + h*p(w). What is j(3)?
1
Let m(q) = 5*q**2 - q - 2. Let k(u) = -u**2 - u. Let r(j) = 4*k(j) + m(j). Let x be (-3)/(3 - 12/3). Give r(x).
-8
Suppose 3*r = -2*r - 70. Let q be r/7 - (-2)/2. Let d(h) = 5*h**3 + 3*h - 4. Let k(z) = -z + 1. Let m(g) = -d(g) - 4*k(g). What is m(q)?
4
Let i(h) = 5*h**3 + 5*h**2 - 3*h**3 + 3*h - h**3 + 3. Let z(o) = o**2 - 6*o + 1. Let c(u) = u**2 - 3*u - 5. Let t be c(5). Let m be z(t). Calculate i(m).
7
Let s(l) = l + 3 + 7*l**2 + 3*l + l**3 - 9. Suppose -3*d = -d + 12. Let r be s(d). Let i(v) = -v**3 + 6*v**2 - 2*v + 8. Calculate i(r).
-4
Let d(h) be the second derivative of -h**7/840 - h**6/72 - h**5/40 - h**4/24 + h**3/6 - h. Let s(f) be the second derivative of d(f). Calculate s(-4).
-5
Let x(c) = c**2 + 10*c + 13. Let h be x(-10). Suppose 3*f = 4*m - 4 + h, -2*f = m - 6. Let o(d) = 2*d**2 - 2*d - 4. Determine o(f).
8
Let t(h) be the first derivative of 2*h**2 + 3*h + 2. Suppose 16*v = 15*v - 2. Calculate t(v).
-5
Suppose -y - y - 14 = 0. Let x = 12 + y. Let q(f) = 7*f - 5. Let v(n) = 60*n - 42. Let z(j) = x*v(j) - 42*q(j). Determine z(1).
6
Suppose 4 = -a + 3*a - 2*m, 0 = -5*a - 4*m + 10. Let k(d) = -d - 1. Let b(n) = 6*n + 1. Let t(y) = -b(y) - 3*k(y). Calculate t(a).
-4
Let d = -5 - -10. Let a(n) = n**3 + 4*n - 11*n**2 + 16*n**2 - 3 - 11*n**2. Determine a(d).
-8
Let b(q) = q**3 - 4*q**2 + 5*q - 4. Let s be b(2). Let l(t) = -17*t**2 + 14*t + 6. Let p(u) = 6*u**2 - 5*u - 2. Let h(g) = 4*l(g) + 11*p(g). Calculate h(s).
-8
Let j(k) be the third derivative of 1/2*k**3 + 0*k + 0 - 6*k**2 - 1/12*k**4. Calculate j(-3).
9
Let k be (-2 - -1) + -7 - -2. Let i be (-10)/k - 3/(-9). Let a(l) = -l + 4*l**i - 5*l**2 + 2*l**2 - 3. Give a(0).
-3
Suppose 2*a = -0*a - 5*l + 35, 5*a - 10 = 3*l. Let n(k) = -4*k + 4. Let j(z) = -3*z + 2*z - 1 + 2. Let p(f) = 14*j(f) - 4*n(f). Determine p(a).
8
Let h(j) = 3*j - 4. Let k be h(2). Let c(p) = 5*p**3 + 3*p**k + 5 - p - 3*p**3 - p**3. Determine c(-4).
-7
Let i(s) = -s - 3. Let g = 21 + -13. Suppose 0 = 3*p + p - 4*v + g, 2*p + 7 = v. Calculate i(p).
2
Let v = 2 - 0. Suppose -3*a + 4*d + 16 = a, a = v*d + 4. Let m(f) = a - 2*f + 3*f + 2 - 5 - f**2. Give m(1).
1
Let j(o) = -o**3 + 3*o**2 - 2*o - 1. Suppose 5*s - 2 = 3*c - 8, 5*c - 10 = -4*s. Calculate j(c).
-1
Suppose 0 = 4*l - 5*c + 5, 0 = 8*l - 4*l + c + 23. Let k(s) = s**2 + 3*s - 6. Calculate k(l).
4
Let t(z) be the second derivative of -2/3*z**3 - 3*z**2 + 0 - 2*z - 1/12*z**4. Determine t(-4).
-6
Let k(h) = -h**3 + 3*h**2 - 4*h + 3. Let l be 4/(-14)*(-22 + 15). What is k(l)?
-1
Let q(y) = 2*y. Let j(a) = -5*a + 22. Let f be j(5). What is q(f)?
-6
Let t(z) = 3*z - 3*z - z. Suppose v = -4*r + 5*v, -3*r = -5*v + 4. Let q be (r/(-6))/(4/60). Calculate t(q).
5
Let q(i) = -i**2 - 5*i - 1 - i + 5*i. Let w(m) = m**2 + 5*m + 3. Let u(l) = 2*q(l) + w(l). Give u(-2).
-9
Let x(j) = j**2 - 2. Suppose -2*z = -3*q - 7*z + 46, -4*q + 5*z + 73 = 0. Suppose 7 + q = 3*c. Suppose 0*i - 4*i + c = 0. Calculate x(i).
2
Let u(c) be the second derivative of 0 + c**2 - 1/3*c**3 - 4*c. Determine u(3).
-4
Let u(a) = a**2 - 2*a - 1. Let y be u(-1). Let x(b) = y*b - 3 - 2 - 2. Suppose j - 5*j = -20. What is x(j)?
3
Let j(l) be the first derivative of 2*l - 1/2*l**2 - 1. Let a(q) = -q + 15. Let k be a(15). What is j(k)?
2
Suppose j = -1 - 0. Let n = j - -1. Let l(y) be the second derivative of -y**5/20 + y**4/12 + 5*y**2/2 + 2*y. Give l(n).
5
Let r(y) = -2*y. Let q be ((-9)/(-6))/(2/(-4)). Let j = q - -5. Suppose 16 = 4*m, 0 = c + 4*c + j*m - 18. Give r(c).
-4
Suppose -j + h + 2*h = -17, -55 = -5*j + 5*h. Let i(c) = -c**2 + 6*c + 9. Calculate i(j).
-7
Let z(l) = -l**2 - l. Let c(x) = -x + 17. Let n be c(19). Determine z(n).
-2
Let h(a) = -a + 4. Let v(d) = 2*d + 48. Let g be v(-22). What is h(g)?
0
Let r(x) = 3*x**2 - 6*x - 5. Let d(n) = n + 1. Let c(j) = 6*d(j) + r(j). Let l be (12/(-30))/((-1)/(-5)). Let g be l + 0/1 - -3. What is c(g)?
4
Let w = -13 + 8. Let z(j) = j**2 + 7*j - 4. Let g(k) = -k**2 - 8*k + 3. Let h(x) = 3*g(x) + 4*z(x). Determine h(w).
-2
Let q(c) = -c + 8. Let j be q(4). Let p(g) be the second derivative of -g + 1/3*g**3 + 0 + 1/2*g**2 - 1/20*g**5 + 0*g**j. Determine p(2).
-3
Let l = 3 - 0. Suppose -5*q + 6 = 2*g, -4*g - 1 = 2*q - 13. Let p(o) = 0 - g + 0 + 6 - o. Determine p(l).
0
Let r(t) = -3 - 7*t + 3 + 6*t. Give r(-2).
2
Let s(v) = v. Let h be ((-4)/10)/(1/(-10)). Suppose -y - 1 = -4*w, -h*y - 2 - 2 = -w. Suppose -2*m - 25 = 3*j, 2*j + 0*m - 5*m - 15 = w. Give s(j).
-5
Let x(r) = -4*r - 4. Suppose 0*d + d - 3*f = -7, 3*d - 3*f = 3. Determine x(d).
-24
Let h(o) = -o**2 + 3*o - 6. Let p(f) = -2*f**2 + 6*f - 11. Let u(d) = 5*h(d) - 3*p(d). Let v be u(2). Let z(s) = -v + s + s - 3*s. What is z(5)?
-6
Let a(c) = 9*c**3 - c**2 + 1. Suppose 4*x + z - 12 = 0, 5*x - 3*z + 7*z = 15. Suppose -1 - x = -4*w. Give a(w).
9
Let n(f) = -2*f - 5. Let r(a) = -a - 3. Let z(y) = 5*n(y) - 8*r(y). Give z(-6).
11
Let g(q) be the first derivative 